hat is the remainder when b(2) is divided by v?
45
Suppose -21*f - 4*g = -18*f - 236, 3*f - 4*g - 172 = 0. Suppose -22 = -3*w + 2. What is the remainder when f is divided by w?
4
Let s(n) = -22*n - 282. Let z be s(-13). Let r(g) = -4*g + 18. What is the remainder when 40 is divided by r(z)?
0
Let m = -553 + 558. Let c(f) = -f**3 - 7*f**2 + 13. Let l be c(-7). Suppose l - 17 = -x. Calculate the remainder when m is divided by x.
1
Let k = -309 - -29. What is the remainder when 1295 is divided by (-90)/(-4)*k/(-175)?
35
Suppose -3*w = -f - 233, -w + 25 = -3*f - 58. What is the remainder when 226 is divided by w?
72
Suppose 3*q + 2*v = 5208, 3*q + 4*v = -2513 + 7727. Calculate the remainder when q is divided by 115.
9
Let f(m) = 2*m**3 + 10*m**2 - 73*m - 306. What is the remainder when 242 is divided by f(-5)?
6
Calculate the remainder when (-183 - -184)*(-1 - -646) is divided by 160.
5
Suppose -11*b + 1115 = 25*b - 1765. Calculate the remainder when b is divided by 27.
26
Suppose 16 = -m + 3*a - 178, -4*m = -4*a + 744. Let z = m + 212. Calculate the remainder when 65 is divided by z.
5
What is the remainder when 8/(-6) + (13754/78 - -10) is divided by 93?
92
Let g(u) = 21*u**3 + u - 2. Let j be g(2). Let a = -116 + j. Let m(z) = -3438*z + 34399. Calculate the remainder when a is divided by m(10).
14
Let f = -14952 + 15139. Suppose 0*x - 1 = -x. What is the remainder when f is divided by -6*(x + 3)*-2?
43
Let n(f) = 54*f**2 + 8 + 6 - 59*f + 162*f - 60*f**2. What is the remainder when 60 is divided by n(17)?
29
Suppose 6*f - 5*z + 5532 = 10*f, 0 = 2*f + 5*z - 2746. What is the remainder when f is divided by 283?
261
Let m(j) = -4*j**2 + 7*j + 11. Let p be m(-3). Let o = p - -51. Let v(x) = 6*x - 4. Calculate the remainder when v(5) is divided by o.
1
Let c = 239 - 112. Let b = -770 - -767. Let s(z) = -z**3 + 3*z**2 + 15*z + 34. Calculate the remainder when c is divided by s(b).
41
Suppose 110 = -20*b + 25*b. Calculate the remainder when 74 is divided by b/10*(61 - 56).
8
Suppose -1706 = -95*v + 92*v + 4*a, 3*a - 3456 = -6*v. Calculate the remainder when v is divided by 265.
44
Suppose 2*t = 2*b - 76, 5*t + 4*b = b - 222. What is the remainder when 46 is divided by (t/28)/((3/(-42))/1)?
4
Let z = 3398 + -2595. What is the remainder when 809 is divided by z?
6
Let i = 6547 + -6398. What is the remainder when 284 is divided by i?
135
Suppose -v + 2*v - 17 = 0. Suppose 0*q - q + 3*l - v = 0, -q + 2*l - 17 = 0. Let i = q - -30. Calculate the remainder when 48 is divided by i.
9
Suppose 2286 - 2636 = -5*u. What is the remainder when 236 is divided by u?
26
Let v = -3417 - -3497. What is the remainder when v is divided by 6?
2
Suppose -2*h - 12 = -4*y - 6*h, -14 = -3*y + 2*h. Calculate the remainder when 108 is divided by 10/4 + y - (-2)/(-4).
0
Let v be (-6)/8*928/(-174). What is the remainder when 253 is divided by (56 - (-8 + v)) + 4?
61
Calculate the remainder when 1/2*(4 + 594)*2 + 5 is divided by 12.
3
Suppose 0 = 4*a + c - 4*c - 12, 0 = 3*c + 12. Suppose 6*w - 250 - 44 = a. What is the remainder when w is divided by 3?
1
Let u(d) = 8*d - 3. Let v be -189*(-4 - 33/(-9)). Let l = 209 - v. What is the remainder when l is divided by u(5)?
35
Let m be (900/24)/(4/64). Suppose 5*j + 2*z = 127 + m, -j - z = -143. What is the remainder when j is divided by 47?
6
Suppose 3*v - 662 = 178. Suppose v = -92*j + 97*j. Calculate the remainder when (-6512)/(-40) + (-2)/(-10) is divided by j.
51
Suppose o - 4*c - 39 = 0, -3*c - 34 + 0 = -o. What is the remainder when 181 is divided by o?
10
Let c(m) = -17*m + 70. Let q be c(4). Suppose -3*h + 233 = 4*z, 5 = -q*z + 3. Calculate the remainder when h is divided by 31.
17
Let y(s) = 5*s + 184. Let r(w) = -9*w**2 + 13*w - 24. Let z be r(2). What is the remainder when 44/(-3)*3/(-2) is divided by y(z)?
8
Suppose -6*s - 1 = -79. What is the remainder when (253/92)/(5/8)*55 is divided by s?
8
Suppose -1258 - 89 = -61*m + 117. Calculate the remainder when 3117 is divided by m.
21
Suppose 2*y - 3*s = 74, -19 = -3*y + s + 92. Suppose 4*v = 3*t + 129, v + 0*t + 4*t = y. What is the remainder when 96 is divided by v?
30
Let l(q) = -q**2 - 5*q + 7. Let x be l(2). Calculate the remainder when 65 is divided by (-3)/x - 370/(-35).
10
Calculate the remainder when 247 is divided by 5*(-20 + (-2784)/(-80)).
25
What is the remainder when 1149 is divided by (75/100)/(1/4)?
0
Calculate the remainder when 432 is divided by (-6)/(-10)*(48 - -217).
114
Suppose -4*a = -6*a + n + 101, 4*a - 197 = 3*n. Calculate the remainder when (1/(6/(-8)))/(42/(-6363)) is divided by a.
43
Let s be ((10 + 0)/1)/1. Let p = 31 + s. Calculate the remainder when p is divided by 7/((-630)/216)*((-5)/10 + -2).
5
Suppose 0 = 11*p - 3803 + 162. Calculate the remainder when p is divided by 37.
35
Let x(g) = -g**3 + 42*g**2 + 34*g - 135. Calculate the remainder when x(42) is divided by 29.
17
Suppose 4*n = -43*n + 470. Calculate the remainder when 238 is divided by n.
8
Let s(q) = 14*q - 42. Let p be s(-8). Let j = 296 + p. What is the remainder when j is divided by 8?
6
What is the remainder when 303 is divided by 900/(-125)*(-3 - 3/(-6))?
15
Suppose 46 - 17 = g + 5*f, 2*g = f + 25. Calculate the remainder when 208 is divided by (6 - (-16)/(-4))*g.
12
Suppose 10*i - 5*k - 40 = 5*i, 0 = -4*i - 4*k. Suppose -3*z + i = n - 22, 4*n + 24 = 4*z. What is the remainder when z is divided by ((-36)/(-30))/(4/10)?
2
Let m = 18599 + -15146. Calculate the remainder when m is divided by 11.
10
Let z(r) = -4*r**3 + 6*r**2 - 3*r + 12. Let w be z(5). Let y = w + 355. What is the remainder when 3 is divided by y?
1
Let p(z) = 108*z + 339. Calculate the remainder when p(-3) is divided by 1.
0
Let j = -7881 + 8051. Calculate the remainder when j is divided by 45.
35
What is the remainder when 9/225 + 7574/25 is divided by 43?
2
Let y(c) = c**2 + 2*c - 7. Let w be y(-5). Suppose 3*q = 3*m + 24, q - 5*m = -0*m - w. What is the remainder when 107 is divided by q?
11
Let y(q) = -25*q - 23. Let k be y(-1). Calculate the remainder when (3 - k)/(1/77) is divided by 35.
7
Suppose -5*z = -3*s + 80, 4*s + 474 = -5*z + 499. Calculate the remainder when 18 is divided by s.
3
Let g be 6164/40 + 4/(-40). Suppose 0 = -88*y + 86*y + g. Calculate the remainder when y is divided by 16.
13
Let l(y) = -y**3 - 48*y**2 - 80*y + 594. What is the remainder when 21375 is divided by l(-46)?
39
Suppose -7*o = 534 - 5434. Suppose o + 548 = 24*d. What is the remainder when 259 is divided by d?
51
Let s = -28 + 12. Let d(g) = -12*g - 31. Calculate the remainder when d(s) is divided by 18.
17
Suppose -7*a + 2618 = 1561. What is the remainder when a is divided by 50?
1
Suppose -97 + 253 = 84*x - 852. Suppose -r = v - 4*r - 38, -4*r = -2*v + 74. Calculate the remainder when v is divided by x.
11
Let d = 749 - 508. Let z = d - 112. Calculate the remainder when z is divided by 33 + (0 - 0) - 0.
30
Let b be 2/(-17) - (-3726)/459. Suppose -b*n + 9*n = 60. What is the remainder when (-2)/9 - (-18788)/63 is divided by n?
58
Let d(h) be the second derivative of -17*h**4/12 + h**3/6 - h**2/2 + 5*h. Let z be d(1). What is the remainder when 4/(-8)*(z + 1) is divided by 6?
2
Let v(g) = g + 4. Let z be v(0). Calculate the remainder when (82/z)/(1/2) is divided by (-600)/(-360) - 61/(-3).
19
What is the remainder when -6 - (14 + -4) - -235 is divided by 45?
39
What is the remainder when 152/38*31/2 is divided by 828/44 - 4/(-22)?
5
Suppose 15*i - 18*i + n = -48728, -i = -4*n - 16239. Calculate the remainder when i is divided by 12.
7
Suppose -54*k = -20*k - 3*k - 646133. Calculate the remainder when k is divided by 193.
192
Let b = -1169 - -2405. Suppose -15*h = -9*h - b. What is the remainder when h is divided by 42?
38
Suppose 13*q - 134 = -15*q + 118. What is the remainder when 381 is divided by q?
3
Suppose 41*o - 40*o = 7. Suppose -747 = -9*n - 54. Suppose -75*s - 54 = -n*s. Calculate the remainder when s is divided by o.
6
Suppose 0 = -z, -4*t + z + 243 + 81 = 0. Suppose 19*j - 16*j = t. Calculate the remainder when 67 is divided by j.
13
Let c = -13 - -28. Let n(l) = -16 - 18*l + l - 84*l + 1. What is the remainder when n(-1) is divided by c?
11
Suppose 2*j + t - 30 = -4*t, 5*j - 3*t - 44 = 0. Let o be 45/j*4/9. Suppo